en 15608 is divided by 109?
21
What is the remainder when 850 is divided by 24?
10
What is the remainder when 597522 is divided by 6160?
2
Calculate the remainder when 13332 is divided by 132.
0
Calculate the remainder when 12965 is divided by 92.
85
What is the remainder when 6103 is divided by 1219?
8
Calculate the remainder when 6521 is divided by 2735.
1051
Calculate the remainder when 16660 is divided by 19.
16
What is the remainder when 708649 is divided by 208?
201
Calculate the remainder when 2054 is divided by 2041.
13
Calculate the remainder when 652519 is divided by 110.
109
What is the remainder when 10843 is divided by 15?
13
Calculate the remainder when 10375 is divided by 99.
79
What is the remainder when 2187934 is divided by 214?
212
Calculate the remainder when 1123075 is divided by 698.
691
What is the remainder when 5405 is divided by 288?
221
What is the remainder when 11430 is divided by 80?
70
What is the remainder when 52450 is divided by 13062?
202
What is the remainder when 141694 is divided by 6?
4
Calculate the remainder when 425346 is divided by 2744.
26
Calculate the remainder when 29177 is divided by 64.
57
What is the remainder when 289574 is divided by 1002?
998
What is the remainder when 57213 is divided by 5?
3
What is the remainder when 2021 is divided by 1009?
3
Calculate the remainder when 41837 is divided by 39.
29
What is the remainder when 353685 is divided by 88411?
41
Calculate the remainder when 18641 is divided by 18634.
7
What is the remainder when 6107 is divided by 2028?
23
Calculate the remainder when 437019 is divided by 7407.
6
What is the remainder when 98749 is divided by 56?
21
What is the remainder when 17901 is divided by 129?
99
Calculate the remainder when 75355 is divided by 291.
277
What is the remainder when 196027 is divided by 7841?
2
What is the remainder when 1044 is divided by 323?
75
What is the remainder when 2564 is divided by 321?
317
Calculate the remainder when 1426 is divided by 561.
304
Calculate the remainder when 17781 is divided by 2539.
8
Calculate the remainder when 417185 is divided by 6135.
5
What is the remainder when 60345 is divided by 26?
25
What is the remainder when 201225 is divided by 6938?
23
What is the remainder when 4369 is divided by 2184?
1
What is the remainder when 434488 is divided by 42?
40
What is the remainder when 233 is divided by 78?
77
Calculate the remainder when 3171 is divided by 200.
171
What is the remainder when 273809 is divided by 91258?
35
What is the remainder when 946 is divided by 643?
303
What is the remainder when 75928 is divided by 117?
112
Calculate the remainder when 60650 is divided by 60600.
50
Calculate the remainder when 35486 is divided by 24.
14
What is the remainder when 12289019 is divided by 1860?
1859
What is the remainder when 195862 is divided by 215?
212
What is the remainder when 89557 is divided by 196?
181
What is the remainder when 1177 is divided by 328?
193
Calculate the remainder when 58084 is divided by 17.
12
What is the remainder when 3501 is divided by 3499?
2
Calculate the remainder when 10458 is divided by 197.
17
Calculate the remainder when 4709 is divided by 4697.
12
What is the remainder when 91724 is divided by 758?
6
Calculate the remainder when 370626 is divided by 1047.
1035
What is the remainder when 3212667 is divided by 2702?
2691
What is the remainder when 51279 is divided by 7324?
11
Calculate the remainder when 7688463 is divided by 59.
55
Calculate the remainder when 4124082 is divided by 92.
90
What is the remainder when 12007 is divided by 1715?
2
What is the remainder when 79727 is divided by 582?
575
What is the remainder when 70977 is divided by 46?
45
Calculate the remainder when 411135 is divided by 126.
123
Calculate the remainder when 22976 is divided by 362.
170
What is the remainder when 131322 is divided by 64?
58
What is the remainder when 5265 is divided by 1616?
417
Calculate the remainder when 2642575 is divided by 20.
15
What is the remainder when 13757 is divided by 336?
317
What is the remainder when 77876 is divided by 77839?
37
What is the remainder when 668742 is divided by 87?
60
Calculate the remainder when 291341 is divided by 556.
553
What is the remainder when 10423738 is divided by 15?
13
What is the remainder when 10681 is divided by 1335?
1
Calculate the remainder when 233287 is divided by 70.
47
What is the remainder when 5632 is divided by 430?
42
What is the remainder when 8618 is divided by 861?
8
Calculate the remainder when 48402 is divided by 15.
12
Calculate the remainder when 15528 is divided by 843.
354
Calculate the remainder when 49228 is divided by 12227.
320
What is the remainder when 5358 is divided by 8?
6
What is the remainder when 4264 is divided by 54?
52
What is the remainder when 1930 is divided by 935?
60
Calculate the remainder when 3009657 is divided by 618.
615
What is the remainder when 7925 is divided by 155?
20
Calculate the remainder when 34054 is divided by 72.
70
What is the remainder when 3914 is divided by 43?
1
Calculate the remainder when 7710 is divided by 320.
30
Calculate the remainder when 41573 is divided by 26.
25
Calculate the remainder when 6970 is divided by 130.
80
What is the remainder when 1881 is divided by 1825?
56
Calculate the remainder when 3027 is divided by 1001.
24
What is the remainder when 37841 is divided by 1305?
1301
What is the remainder when 538 is divided by 175?
13
Calculate the remainder when 19131 is divided by 55.
46
Calculate the remainder when 72819 is divided by 888.
3
Calculate the remainder when 922 is divided by 429.
64
Calculate the remainder when 618 is divided by 35.
23
Calculate the remainder when 73633 is divided by 580.
553
What is the remainder when 75271 is divided by 306?
301
Calculate the remainder when 4536 is divided by 2242.
52
Calculate the remainder when 2912 is divided by 729.
725
Calculate the remainder when 58393 is divided by 628.
617
What is the remainder when 361072 is divided by 257?
244
Calculate the remainder when 1057947 is divided by 20744.
3
Calculate the remainder when 1619 is divided by 1478.
141
What is the remainder when 123398 is divided by 262?
258
What is the remainder when 1175 is divided by 207?
140
Calculate the remainder when 7203087 is divided by 30.
27
Calculate the remainder when 5414 is divided by 1789.
47
Calculate the remainder when 3332 is divided by 2276.
1056
Calculate the remainder when 9499 is divided by 3121.
136
What is the remainder when 21019 is divided by 5253?
7
Calculate the remainder when 1260 is divided by 357.
189
Calculate the remainder when 140756 is divided by 221.
200
Calculate the remainder when 43606 is divided by 1982.
2
Calculate the remainder when 87786 is divided by 1756.
1742
What is the remainder when 67152 is divided by 297?
30
What is the remainder when 833 is divided by 253?
74
What is the remainder when 13571 is divided by 3391?
7
Calculate the remainder when 8246 is divided by 431.
57
Calculate the remainder when 47347 is divided by 1704.
1339
What is the remainder when 432539 is divided by 89?
88
Calculate the remainder when 14757 is divided by 7364.
29
Calculate the remainder when 10961 is divided by 4956.
1049
Calculate the remainder when 546942 is divided by 68366.
14
What is the remainder when 2903 is divided by 229?
155
Calculate the remainder when 109915 is divided by 71.
7
Calculate the remainder when 21222 is divided by 61.
55
What is the remainder when 21627 is divided by 57?
24
What is the remainder when 16731 is divided by 92?
79
Calculate the remainder when 1550 is divided by 371.
66
Calculate the remainder when 18295 is divided by 223.
9
What is the remainder when 109942 is divided by 18?
16
Calculate the remainder when 35012 is divided by 66.
32
What is the remainder when 10047 is divided by 2509?
11
Calculate the remainder when 2418401 is divided by 497.
496
Calculate the remainder when 135973 is divided by 1133.
13
What is the remainder when 8545 is divided by 182?
173
Calculate the remainder when 16678 is divided by 542.
418
What is the remainder when 61323 is divided by 1005?
18
Calculate the remainder when 855 is divided by 426.
3
What is the remainder when 51849 is divided by 177?
